.
2, 5
Let k be (-1 + -3)*5/(-4). Suppose -2*d + 5*q + 19 = 0, -k*q + 51 = 4*d - 2. List the prime factors of d.
2, 3
Let s = 16 + 11. What are the prime factors of s?
3
Suppose 0 + 6 = p + 2*b, -p = -5*b + 22. List the prime factors of p/(-9) - (-2784)/108.
2, 13
Suppose 5*w + 2*g = -10, -2*g + 22 = -3*w - 0*w. List the prime factors of 2/(-4)*184/w.
23
Let h(m) = -m**3 + m + 45. What are the prime factors of h(0)?
3, 5
Suppose -2*a + 5*q + 45 = -a, -196 = -5*a - 4*q. What are the prime factors of a?
2, 5
Let l = 72 + -39. What are the prime factors of l?
3, 11
Let i(y) = y**3 + 6*y**2 + 5*y + 3. Let r be i(-5). Suppose 2*l - w = 37 - 2, -r*l + 57 = -3*w. What are the prime factors of l?
2
Let c be 3/(-6) - 2/(-4). Suppose 4*h = -c*h + 100. List the prime factors of h.
5
Suppose -3*z + 98 = -226. List the prime factors of z.
2, 3
Suppose 2*x = 0, -3*g + 2*x = 3*x - 264. What are the prime factors of g?
2, 11
Let q(l) = 3*l + 8. Let p be q(-5). Let g(k) be the second derivative of -k**3/3 - 4*k**2 + 3*k. What are the prime factors of g(p)?
2, 3
Let q = 30 + -55. Let y = -8 - q. What are the prime factors of y?
17
Let g(o) = -8*o + 0*o**3 + 2*o - 7 + 4*o**2 + o**3. Let y be g(-5). What are the prime factors of ((-2)/y*-6)/(-2)?
3
Suppose 24 = -3*v - 3*h, -3*v = 4*h - 0 + 22. Let k = 18 + v. What are the prime factors of k?
2
Let c = 10 - 6. Suppose -12 = -c*t, 5*j + 5*t - 38 - 22 = 0. Suppose 4*s + j = 5*s. What are the prime factors of s?
3
Let t = -244 + 429. What are the prime factors of t?
5, 37
List the prime factors of (-78)/(-2)*10/30.
13
Suppose 0 = -4*m + 4. Let f be -4 + 6 - -18*m. Suppose -f = o - 3*o. List the prime factors of o.
2, 5
Let w be (-2)/(-3) - 4/(-3). Suppose 5*k - 5*q - 70 = 0, w*k = 2*q - q + 27. What are the prime factors of k?
13
Let n = -5 + 36. List the prime factors of n.
31
Let l(a) = -4*a**2 + 2*a - 5. Let j(c) = -c**2 + c - 2. Let h(x) = 11*j(x) - 4*l(x). Let q be h(2). Suppose -p = p - q. What are the prime factors of p?
2, 3
Suppose -2*x = -5*m - 23, -3*m - 3*x - 17 - 1 = 0. Let d be (-13)/5 + 2/m. Let c = 7 - d. What are the prime factors of c?
2, 5
Suppose -3*s + 117 = 3*i, -3 = i - 0. Suppose -3*a + v + s = 0, -26 = -3*a + 5*v + 4. What are the prime factors of a?
3, 5
Let r = 334 + -212. List the prime factors of r.
2, 61
Let z = -92 + 169. What are the prime factors of z?
7, 11
Suppose -3*s + 2 = -4. Suppose 0 = 4*m + 2*g - g - 35, 16 = 2*m + s*g. What are the prime factors of m?
3
Let o = -8 - -13. Let j(f) = 4*f + 9. Let z be j(4). Suppose o*h - 10 = z. List the prime factors of h.
7
Let y be (-1)/((2/134)/1). List the prime factors of y/(-5) + (-6)/15.
13
Suppose -28 = -4*j + 2*u, 4*u + 0 = -2*j - 6. Suppose -66 = -4*t + 5*g, -j*t - g = -20 - 48. What are the prime factors of t?
2, 7
Let r be (-34 + 0)*18/(-12). Suppose -4*u - 48 = -0*p - 3*p, 5*p + 3*u - r = 0. What are the prime factors of p?
2, 3
Let b(j) = -j**2 + 6*j + 2. Let v be b(3). Let h = -7 + 10. List the prime factors of v/h - 2/3.
3
What are the prime factors of 89 + ((-5)/10)/(2/8)?
3, 29
Let r(s) = -s**3 - 7*s**2 + 12*s - 4. List the prime factors of r(-9).
2, 5
Let w(a) = a**3 + 11*a**2 + 10*a + 5. Let c be w(-10). Suppose 2*m - 155 = -c*y + 6*m, -m - 62 = -2*y. What are the prime factors of y?
31
Suppose -21 - 109 = -5*a. What are the prime factors of a?
2, 13
Suppose -2*c = -4*t - 6*c + 4, 5*c + 35 = 5*t. Suppose t*p = 12 + 8. List the prime factors of p.
5
Suppose -6 = -0*d + 2*d. List the prime factors of 2 + (51 - d/(-1)).
2, 5
Suppose -k + 2 - 23 = -2*y, -5*y + 47 = 3*k. Suppose p + 1 = y. List the prime factors of p.
3
Let r(i) = i**3 + 7*i**2 - 2. Let h be r(-7). Let y = 2 + h. List the prime factors of (10 - 1) + y/1.
3
Let y = 49 - 17. What are the prime factors of y?
2
Let x(y) = 2*y**2 + 0 + 7*y - 3 + 2*y**2 - 3*y**2. Suppose 3*p + 2*p + 40 = 0. What are the prime factors of x(p)?
5
Let o(y) = 2*y**2 - 3*y**2 + 1 + 0*y**2 + 7*y. List the prime factors of o(6).
7
Suppose 0*y - 9 = y + 3*n, -3 = 4*y + n. Suppose y*d = d - 9. List the prime factors of d.
3
Let p be 15/(-12) - (-3)/(-4). Let k(w) = -w - 4. Let i be k(-3). What are the prime factors of i - (-34 + p)/3?
11
Let j = -3 - -13. Suppose 26 + j = 4*t. List the prime factors of t.
3
Let c = 7 + -3. Suppose -6*n + 16 = c*f - 2*n, n + 16 = 3*f. Suppose 0 = f*y - 65 + 20. What are the prime factors of y?
3
Suppose 32 = 4*j - 3*h, 2*j + 3*h = -0 - 2. List the prime factors of j.
5
Let g be (1 - 0)*2 + 31. Let c(z) = -5*z + 1. Let f be c(-1). Suppose 3*b = -f + g. List the prime factors of b.
3
Suppose 2*i + 1 - 17 = -5*w, 0 = -w + i + 6. Let q be 1/2*4 + 14. Suppose 2*l - w*l + t = -q, 32 = 4*l + t. What are the prime factors of l?
2
Suppose 5*x = -2 + 57. Suppose -x + 2 = -u. List the prime factors of u.
3
Let t(d) = d**2 + 5*d + 3. Let o be t(-5). Suppose -19 = -o*z + 11. Suppose 0*w + w - z = 0. List the prime factors of w.
2, 5
Suppose -4*c + 6*c = 32. Suppose -5*u + 0*u + 109 = 4*i, -5*u = i - c. What are the prime factors of i?
31
List the prime factors of (-12 - -10)*(-13)/2.
13
Let i(r) = -r**3 + 6*r**2 - r + 1. Let n be (-2 + 8)*(-4)/(-8). List the prime factors of i(n).
5
Let p(s) = 2*s**2 + 14 - s + 10 - s**2 + 0*s**2. Let k be p(0). Suppose 3*u + 0*u - k = 0. List the prime factors of u.
2
Let k(i) = 3*i**2 - 2*i - 4. List the prime factors of k(5).
61
What are the prime factors of (-34)/289 + 8640/34?
2, 127
Suppose 11 + 9 = 10*o. What are the prime factors of o?
2
Let y(h) = 22*h**2 - 3*h. List the prime factors of y(-2).
2, 47
Let g be (5 + -4)/(3/465). Suppose -4*z = z - g. List the prime factors of z.
31
Suppose -i - 3 = 0, -38 = 5*r + i + 250. Let d = r + 105. List the prime factors of d.
2, 3
Let w(m) = m**3 - 6*m**2 - 8*m - 14. Let l(v) = -1. Let u(o) = 6*l(o) - w(o). List the prime factors of u(7).
3, 5
Let p(s) be the first derivative of -s**3/3 + s**2/2 + 25*s - 3. List the prime factors of p(0).
5
Suppose -2*l = -5*z + 10*z - 18, -4 = -2*z. Suppose l*o - o - 5*r - 57 = 0, 0 = -o - 5*r + 39. List the prime factors of o.
2, 3
List the prime factors of 1 + 424 - (6 + 3 + -7).
3, 47
Suppose -174 + 440 = 2*f. What are the prime factors of f?
7, 19
Suppose 3*f + 2*f - a - 11 = 0, 2*f - 1 = -3*a. Suppose -4 = -f*u + u. List the prime factors of u.
2
Let d(u) = u**2 - 5*u - 4. Let m be d(6). Suppose 5*v = m*j - 7, 0 = 4*j + v - 75 + 28. Let q(s) = -s**2 + 10*s + 14. List the prime factors of q(j).
3
Let j = 53 + 3. List the prime factors of (j/(-10))/(8/(-40)).
2, 7
Let h be (4 - -2)*1/3. Suppose -101 = -h*b - 29. What are the prime factors of b?
2, 3
Suppose 0 = 98*u - 103*u + 770. List the prime factors of u.
2, 7, 11
Let i(w) = 5*w**2 - 15*w - 2. Let o(j) = -4*j**2 + 14*j + 2. Let x(d) = -3*i(d) - 4*o(d). Let k be x(10). Let s = -9 - k. List the prime factors of s.
3
What are the prime factors of 4 - -12*1/6*21?
2, 23
Suppose -3*o + 3*k + 32 = -4, 0 = -5*o - 4*k + 24. What are the prime factors of 1/1*o - -2?
2, 5
Suppose -3*a + 130 + 224 = 0. List the prime factors of a.
2, 59
Suppose 5*q - 16 = 5*z + 9, 3*z + 23 = 5*q. Let f be (-1)/(-3)*(-11 + 50). Let c = f - q. What are the prime factors of c?
3
Let h(z) be the third derivative of z**7/5040 - z**6/240 + z**5/30 - 3*z**2. Let w(o) be the third derivative of h(o). List the prime factors of w(7).
2
Let d = 45 - -1. What are the prime factors of d?
2, 23
Suppose 5*b - 50 - 5 = -2*a, -5*b + 60 = 3*a. What are the prime factors of b?
3
Let u = -67 + 99. List the prime factors of u.
2
Let w(h) = h**3 - 9*h**2 - 11*h - 6. Let s be w(10). List the prime factors of 3/(s/(-10) + -1).
5
What are the prime factors of 1198/6 + 8/(-12)?
199
Let t(j) = -23*j. Let l be (-4)/12 + 4/(-6). List the prime factors of t(l).
23
Let j(r) = -r - 5. Let m be j(5). List the prime factors of ((-60)/25)/(2/m).
2, 3
Suppose 5*i - 2*i - 186 = 0. List the prime factors of i.
2, 31
Suppose -3*r - 2 = r - 2*c, -3*c = 3*r - 21. Let f(x) = 3 - x**3 - 5*x - 7*x**2 - r*x**2 + 3*x**2. List the prime factors of f(-5).
3
Let j be (-30)/(-2 + 1 - 1). Let r = j + -24. Let f = -2 - r. What are the prime factors of f?
7
Let a be (5/(-2))/(-5)*2. Suppose s + c + a = 0, 1 = -s + 4*c - 15. What are the prime factors of 4/1 - (-4)/s?
3
Let j b